by g?
11
Suppose -5*g + 4*w + 275 = 0, g = 5*w + 59 - 4. Suppose -3*l = -g + 1. Calculate the remainder when l is divided by 5.
3
What is the remainder when ((-4)/12)/(1/(-204)) is divided by 23?
22
Let l = -84 - -153. Calculate the remainder when l is divided by 36.
33
Suppose 2*v - 40 = x - 12, -v + 5*x = -23. Calculate the remainder when 50 is divided by v.
11
Suppose -5*t + 8 + 2 = 0. Suppose -f - 11 = -t*f. Let v = f - 6. What is the remainder when 14 is divided by v?
4
Let z be ((-2)/2)/(3/24). Let q = z - -13. Calculate the remainder when (-28)/(-3)*(q - 2) is divided by 15.
13
Let c(v) = -v**2 - 16*v - 26. What is the remainder when 145 is divided by c(-9)?
34
Suppose 84 - 9 = u + 5*k, 5*u - 375 = 4*k. Calculate the remainder when u is divided by 13.
10
Let m(q) = 2*q**3 - 7*q**2 - 8*q + 8. Let l be m(6). Calculate the remainder when 26 is divided by (6/(-4))/((-15)/l).
12
Let s be (10/(-6))/((-4)/(-12)). Let x = s + -2. Let v(d) = -4*d - 9. Calculate the remainder when v(x) is divided by 10.
9
Let g(j) = 4*j**2 + 2*j - 4. Calculate the remainder when g(-4) is divided by 18.
16
Suppose x - 3*d + 3 = 0, -1 = -d + 2. Calculate the remainder when 21 is divided by x.
3
What is the remainder when 115 is divided by 3/(3 - 252/87)?
28
Calculate the remainder when 73 is divided by (-510)/(-20) - (-1)/(-2).
23
Let i = -20 - -43. Calculate the remainder when i is divided by -10 + 7 + 16 + 0.
10
Suppose 5*q + 33 = -4*y - 15, q = 0. Let x be 50/(-8) - 3/y. Calculate the remainder when (-214)/(-6) - (-4)/x is divided by 18.
17
Suppose s - 540 = -4*s. Suppose -5*p + 42 = -s. What is the remainder when p is divided by 8?
6
Suppose 2*z - 34 = 2. Calculate the remainder when 52 is divided by z.
16
Let q = 11 + -6. Suppose -s = 4*s - q. Suppose -5*y + 2 + 8 = 0. What is the remainder when y is divided by s?
0
Let a = -6 + 6. Suppose a = -5*i + 38 + 17. What is the remainder when 31 is divided by i?
9
Let a = -6 + 16. Suppose 0*d - 2*d - 66 = 0. What is the remainder when 11/d - (-110)/6 is divided by a?
8
Let q(m) = m**2 + 4*m + 3. Let c be q(-4). What is the remainder when 50/(8/12*c) is divided by 9?
7
Suppose 0*l = l - 17. What is the remainder when 28 is divided by l?
11
Let k = 3 - -2. Let m(p) = -2*p - 1 + 3*p**3 - 2*p**3 + 0*p**3 + 2*p**2. Calculate the remainder when k is divided by m(-2).
2
Suppose -3*m - 1 + 16 = -5*s, -4*m - 3 = s. Suppose -k + m*k = -12. Let x = 48 + -25. Calculate the remainder when x is divided by k.
11
Suppose 2*j - 2 = j. Let l(i) = -7*i - 1. What is the remainder when l(-1) is divided by j?
0
Suppose -d + 2*u - 104 = 3*d, -2*d - 5*u - 64 = 0. Let b = d + 41. Calculate the remainder when 41 is divided by b.
13
Let p(i) = i**2 + 5*i + 15. What is the remainder when p(5) is divided by 17?
14
Let s be (-14)/(-35) - 47/5. Let y = 1 - s. Calculate the remainder when 18 is divided by y.
8
Let p = -6 - -16. Let j = -1 + 39. Calculate the remainder when j is divided by p.
8
Let g = 145 - 86. Let p = -10 + 25. What is the remainder when g is divided by p?
14
Calculate the remainder when 91 is divided by ((-155)/(-15))/((-1)/(-3)).
29
Let j(l) = -l**3 - 14*l**2 + 12*l + 1. Let w be j(-15). Calculate the remainder when 59 is divided by 3*-1 + w/2.
19
Suppose -19 = -3*g + 38. What is the remainder when g is divided by 7?
5
Let s = -111 + 131. Calculate the remainder when 35 is divided by s.
15
Suppose -2*x + 12 = 2*r, 5*x + 4*r - 5*r - 54 = 0. Calculate the remainder when 43 is divided by x.
3
Let f(a) be the second derivative of a**3/6 + 7*a**2/2 - 3*a. Calculate the remainder when f(6) is divided by 7.
6
Let n(q) = 2*q - 7. Let f(d) = -d**2 + 2*d + 1. Let u be f(3). Calculate the remainder when u/(-3) + (-73)/(-3) is divided by n(8).
7
Let m = 102 - 74. Calculate the remainder when m is divided by 15.
13
Let n = -13 + 18. Suppose -k = -0 - n. Suppose -3*g + k*b + 30 = b, g + 5*b = 29. What is the remainder when g is divided by 5?
4
Suppose 0 = 3*g + 19 + 11. Let q(m) = -m**3 - 11*m**2 - 12*m - 7. Calculate the remainder when 37 is divided by q(g).
11
Let n(c) = 13*c**2. Suppose -245 = -6*d + d. What is the remainder when d is divided by n(1)?
10
Let m(r) = -r + 1. Let j = -164 - -236. Suppose 36 = 4*g - j. Calculate the remainder when g is divided by m(-6).
6
Let w(q) = -q**3 + 9*q**2 + 8*q - 15. What is the remainder when w(9) is divided by 15?
12
Let z be ((-2)/4)/(3/(-36)). Let l = -3 + z. Suppose -4*t = -l*u - 61 - 65, 2*t - 58 = -u. What is the remainder when t is divided by 16?
14
Suppose -2*n = 3*n - 20. What is the remainder when 11 is divided by n?
3
Let g(w) be the second derivative of -w**5/20 + w**3/6 + 51*w**2/2 - 6*w. Calculate the remainder when g(0) is divided by 13.
12
Suppose 0 = 5*h + 3 - 83. What is the remainder when 22 is divided by h?
6
Suppose u = -5*g - 4, -3*g - 31 = -3*u + u. What is the remainder when u is divided by 3?
2
Suppose -w + 3*r + 62 = 0, 3*r + 4 + 5 = 0. Calculate the remainder when w is divided by 14.
11
Let n = 18 - 14. Let y(w) be the second derivative of w**4/6 + w**3/3 - w**2/2 - w. Calculate the remainder when y(2) is divided by n.
3
Let w be 56/21*(-45)/(-4). Suppose 3*i - 5*x + 1 + 25 = 0, -5*x - w = 5*i. Let d = 18 + i. What is the remainder when 31 is divided by d?
9
Let s = -33 - -14. Let d = 29 + s. Calculate the remainder when 27 is divided by d.
7
Let o = 0 + 6. Let g = 9 - o. Calculate the remainder when 6 is divided by g.
0
Suppose 27*u - 22*u - 105 = 0. Calculate the remainder when 81 is divided by u.
18
Let n(t) be the third derivative of t**4/6 - t**3/6 - 2*t**2. Suppose 3*p - 25 = -2*p, 3*p + 101 = 2*b. What is the remainder when b is divided by n(4)?
13
Let m be (35/10)/(2/(-4)). Let g = 11 + m. Suppose 2*w = 7 + 13. Calculate the remainder when w is divided by g.
2
Suppose x - 15 = 4*g, -5*x - 4*g + 1 + 26 = 0. Suppose -o = -2*a - 10, 5*o = -a + 2 + 4. Calculate the remainder when (3 - o) + (-1 - -13) is divided by x.
6
Let s(w) = 7*w**2 + 2. Let z be 12/4*4/6. What is the remainder when s(z) is divided by 11?
8
Suppose -4*o = -y - 53, 2*y + 16 = 6. Calculate the remainder when 58 is divided by o.
10
Suppose -4*f + 4*g - 10 = -3*f, 17 = 4*f + 3*g. Let a = -9 - -18. Suppose 3*w + a = 0, -4*w = -2*o - f*w + 62. What is the remainder when o is divided by 10?
8
Let i be 102/8 - 2/(-8). Suppose 0 = p - i - 27. Calculate the remainder when p is divided by 14.
12
Let r be ((-6)/4)/(3/(-4)). Suppose r*i - 16 = -2*i. Calculate the remainder when i is divided by 2.
0
Suppose -4*a = -a - 75. Calculate the remainder when a is divided by 15.
10
Let b = 10 - -5. What is the remainder when b is divided by 6?
3
Suppose -5*s + 160 = 5*k, 3*s = -2*k - 3*k + 98. Let w be 0 + 0 + 0 + -13. Let z = -5 - w. Calculate the remainder when s is divided by z.
7
Suppose -6 = 3*d - 57. Let s be ((0 + -1)*0)/(-1). Suppose -3*t + s*t = -18. Calculate the remainder when d is divided by t.
5
Let j(l) = -l**2 + l + 10. Let c(v) be the second derivative of 7*v**4/12 - v**3/3 + v**2/2 + 10*v. What is the remainder when j(0) is divided by c(1)?
4
Let q(l) = l**2 - l + 9. Let j be q(0). Let v(t) = t**3 - 8*t**2 - 6*t - 13. Let a(h) = h**2 - 1. What is the remainder when v(j) is divided by a(-3)?
6
Suppose 0 = -5*a + 3*q + 376, -453 + 75 = -5*a + 4*q. Calculate the remainder when a is divided by 15.
14
Let d(q) = -q**3 - q**2 + 3*q - 1. Let n(b) = -7*b - 1. Let s be n(-1). Let r = s - -6. What is the remainder when d(-4) is divided by r?
11
Let i(v) = -103*v + 1. Let q be i(-1). Suppose h = -h + q. What is the remainder when h is divided by 36*1*(-2)/(-4)?
16
Let l(k) be the second derivative of -k**5/20 - k**4/3 - 4*k**3/3 - 2*k**2 - 7*k. What is the remainder when l(-5) is divided by 16?
13
Let n(v) be the first derivative of -2*v**2 - 13*v + 1. Calculate the remainder when n(-11) is divided by 11.
9
Suppose -3*o + o = -12. Calculate the remainder when 8 is divided by o.
2
Let l be (0 + -2)/((-10)/(-15)). Let f = 3 - l. Let u = -2 + 12. What is the remainder when u is divided by f?
4
Let q(c) = c**3 - c**2 + 18. What is the remainder when 34 is divided by q(0)?
16
Let x = 70 + -67. What is the remainder when x is divided by 3?
0
Let f(g) = g**2 - 4*g + 7. What is the remainder when 7 is divided by f(3)?